se 0*l + d = 5*l. What is the remainder when l is divided by 17?
16
Let j(n) = 5*n**2 - 76*n - 49. What is the remainder when j(20) is divided by 12?
11
Let h = 273 - 180. Let o = -64 + h. What is the remainder when o is divided by (-52)/(-3) + 13/(-39)?
12
Let q(w) = 50*w**2 - 3*w - 11. Let r be q(3). Let f = r - 408. What is the remainder when 261 is divided by f?
19
Let w(t) = -t**3 + 10*t**2 + 9*t - 130. Calculate the remainder when w(6) is divided by 28.
12
Let m = 9 + -7. Suppose -m*f = -2*t - 72, 2*f = -f - 3*t + 114. Let k(r) = -r**3 - 23*r**2 - 27*r + 34. What is the remainder when k(-22) is divided by f?
33
Let u(x) = 18*x + 7. Calculate the remainder when u(6) is divided by 14 - (6 + (10 - 26)).
19
Let s(i) = 30*i**2 + 5. What is the remainder when s(-2) is divided by 36?
17
Suppose 3*p + 883 - 261 = 5*t, t - 142 = 5*p. Calculate the remainder when t is divided by ((-27)/6)/(3 + (-1)/4 - 3).
14
Suppose -12*w = -18996 - 6900. Calculate the remainder when w is divided by 15.
13
Let z = -140 + 143. Suppose z*k - 44 = 34. What is the remainder when 75 is divided by k?
23
Let h(c) = 27 - 12*c - 9 + 5. What is the remainder when h(-7) is divided by 30?
17
Let r(h) = 2*h**3 + h**2. Suppose -4*j + 278 = 5*f, -13*j + f = -12*j - 83. Calculate the remainder when j is divided by r(2).
17
Let f(h) = h**3 + 10*h**2 + 17*h + 8. Let z be f(-8). Let j = z + 3. Suppose -3*p = -0*p + 3*v - j, v + 9 = p. Calculate the remainder when 9 is divided by p.
4
Let d(x) = 8*x**2 - 124*x + 146. Calculate the remainder when 1876 is divided by d(18).
358
Let i be -2 - -2 - -2 - -85. Let t = 123 - i. Suppose 4*p - 68 = -3*h, 3*h = 2*p + 56 + t. What is the remainder when 81 is divided by h?
25
Let u = 2126 + -2104. Calculate the remainder when 309 is divided by u.
1
Suppose -8 = -7*h + 5*h + 2*k, 4*h - 3*k - 12 = 0. Let d = 29 + 48. Suppose 10*q + q - d = h. Calculate the remainder when 10 is divided by q.
3
Calculate the remainder when 6/(-8) + 7/28 + (-31075)/(-22) is divided by 252.
152
Let x be 404/2 + (-21)/21. Suppose 3*z = -h + x, 3*h + 2*z = -z + 591. What is the remainder when h is divided by 52?
39
Suppose -4*y + 2*v + 308 = 0, v + 75 = 320*y - 319*y. Calculate the remainder when 1184 is divided by y.
78
Let d = 17 + -1. Let l(m) = 12*m - 23. Let y be l(7). Suppose 5*o - 169 = y. What is the remainder when o is divided by d?
14
Suppose 2*s - 7*s = 5*b + 290, -3*b = -s - 58. Let w = 17 - s. What is the remainder when 1 + 0 - (-7)/(35/w) is divided by 5?
1
Suppose -6*j - 2940 = -11*j. Suppose -4*b + j + 48 = 0. Calculate the remainder when b is divided by 18.
15
Let t = -215 - -329. Suppose -t = -6*f + 150. Calculate the remainder when 141 is divided by 1052/22 + 8/f.
45
Let k be 6/(-12) - (-2095)/10. Let z = -196 + k. Calculate the remainder when 33 is divided by z.
7
Let u = 558 - 399. Suppose 2*v = -2*v + 748. What is the remainder when v is divided by 4982/u*(-3)/(-2)?
46
Let a(p) = -p**3 + p**2 + 84. Let g = -10390 + 10425. What is the remainder when a(0) is divided by g?
14
Let y(t) = 4*t**2 + 166*t + 1520. What is the remainder when y(-9) is divided by 78?
38
Let v = 667 + 143. Calculate the remainder when v is divided by (-352)/(-6) - (24/36)/1.
56
Let z(w) = 18*w**2 - 62*w + 750. What is the remainder when z(12) is divided by 23?
22
Suppose 0 = -5*a + u - 6*u + 25, -2*u + 8 = 0. Let x(w) = 41*w**3 + 4*w**2 - 3*w. Calculate the remainder when 162 is divided by x(a).
36
Let m(a) be the third derivative of -a**5/60 - a**4/8 + 61*a**3/3 + 49*a**2. Calculate the remainder when 55 is divided by m(-12).
13
Suppose g = -4*g + 4*m - 40, -5*g = m + 15. Let h(y) = 12 + 3 + 4 - 5*y + 4 - 13. Calculate the remainder when h(g) is divided by 16.
14
Let v = 44 - 44. Let w be (-13)/(-12)*3*(v - -4). Suppose -10*x - 48 = -w*x. What is the remainder when 42 is divided by x?
10
Suppose 3*l - 35 = 4*u, 304*u - 40 = -3*l + 309*u. Suppose 4*z - 520 = 2*z. Suppose -n - z = -l*n. Calculate the remainder when n is divided by 34.
31
Let t = 68 - -12. Suppose 4*x - t + 20 = 0. Let l(c) = 2*c**2 - 14*c + 7. What is the remainder when l(-2) is divided by x?
13
Let n = 4637 + -4620. What is the remainder when 323 is divided by n?
0
Let c(u) = -2*u**2 - 37*u - 64. What is the remainder when 389 is divided by c(-13)?
73
Let t be (-4 - -4)/(5 + -4). Suppose f + 129 = 5*q - t*f, -3*q = -f - 79. What is the remainder when 63 is divided by q?
13
Let w = 2593 + -380. Calculate the remainder when w is divided by 734.
11
Let y(c) = 2*c**3 + 25*c**2 + 30*c - 17. Let p be y(-10). Suppose -4*n = -p + 139. What is the remainder when 228 is divided by n?
8
Let g be ((-244)/(-10))/((-5)/(-50)). Suppose -2*t - 60 = -g. Let v = -242 - -261. What is the remainder when t is divided by v?
16
Suppose -23*n = -30*n + 21*n - 2674. Suppose -6*g = -3*g - 144. What is the remainder when n is divided by g?
47
Let l = 385 - 228. Let g = 153 - 133. Calculate the remainder when l is divided by g.
17
Let h(g) = 38*g + 1. Let t be h(2). Let y = 80 - t. Let u(a) = a + 2. What is the remainder when 12 is divided by u(y)?
2
Suppose 135 - 3 = c. Let f be (-45)/(-3) + (-3)/3 - 1. Suppose -14*v + f*v = -34. What is the remainder when c is divided by v?
30
Let q = 102 - 98. Let p(i) = i**2 + 2*i + 1. Let r be p(-6). Suppose -2*w - q*o = -20, o + r + 24 = 4*w. What is the remainder when 18 is divided by w?
6
Suppose 3*d = -5*x + 381, 5*d - 5*x = -37 + 672. Suppose 4*y - 3*i + 2*i + 35 = 0, -5*y - 50 = 5*i. What is the remainder when d is divided by 39/1*(-6)/y?
23
Let y = 34 + -29. Suppose -8 - 4 = -3*f, y*f - 20 = -2*g. Suppose -t = 5*r + 12, -t = -g*r + 4*r + 7. Calculate the remainder when 90 is divided by t.
12
Suppose 65*v - 60*v = -45. Let c(a) = 2*a**2 + 14*a + 13. What is the remainder when 683 is divided by c(v)?
46
Let n(z) = 52*z**3 - 12*z**2 - 1 + 13*z**2 - 7*z**2 + 6*z - 3*z. Calculate the remainder when 285 is divided by n(1).
45
Let r(y) = 10*y + 109. Suppose 115*v = 110*v - 50. What is the remainder when r(v) is divided by 5?
4
Let t = -152 - -176. Suppose 25*q - 22*q = t. Let k = 11 - -1. Calculate the remainder when k is divided by q.
4
Let b = -117 + 380. Let g = -498 - -551. What is the remainder when b is divided by g?
51
Let a = 19577 + -19566. Suppose 0 = -3*p - 5*b + 50 + 84, -4*p = -4*b - 232. Calculate the remainder when p is divided by a.
9
Suppose 3*l = -48*a + 52*a - 19, 2*a - 4*l = 2. Let b(s) = -21*s**3 - 2*s**2 - 2*s - 1. Calculate the remainder when b(-1) is divided by a.
6
Let d(w) = 12*w**2 - 2*w - 1. Let l be 2 - (-8 + 9)*-65. Suppose -9*o = -643 + l. What is the remainder when o is divided by d(-1)?
12
Suppose 9*r - 2163 - 87 = 792. Calculate the remainder when r is divided by 50.
38
Let c = 52 + -98. Let y = 72 + c. Calculate the remainder when -8 - 1876/(-238) - 2195/(-17) is divided by y.
25
Let g = 140 + -21. Let f(d) = -7*d - 40. Calculate the remainder when g is divided by f(-10).
29
Suppose -35*i + 2231 + 922 = -1257. What is the remainder when 487 is divided by i?
109
Suppose 5*v + 6 = 2*t + 32, 5*t - 28 = -3*v. Suppose v = 4*l - l. Let s(p) = 2*p**3 - p**2. Calculate the remainder when 43 is divided by s(l).
7
Suppose 0 = -2*v + 6, 4*v - 37 = -22*o + 17*o. Suppose -85 = -o*d - 2*b, 2*d - 2*b - 28 = -4*b. Calculate the remainder when d is divided by (-1)/(1/(0 - 13)).
6
What is the remainder when 419 is divided by 45 - (8/4 + 14/14)?
41
Suppose 2*v - 5459 = 33*g - 32*g, -2*v = 4*g - 5424. What is the remainder when v is divided by 11?
9
What is the remainder when 974 is divided by 4809/24 + (-51)/136 + -6?
4
Let f(s) = 9*s**2. Suppose 18*o - 6853 = 33*o - 104*o. Calculate the remainder when o is divided by f(-1).
5
Let u = 83 + -88. Let i(b) = b**3 + 2*b**2 - 25*b - 3. What is the remainder when 375 is divided by i(u)?
46
Let i(y) = 2*y + 30. Let v be i(-13). Let x be (5 + -11)*(-2)/v. Suppose 7 = x*g - 125. Calculate the remainder when g is divided by 24.
20
Let z(a) = 263*a**2 + 31*a + 29. What is the remainder when z(4) is divided by 336?
329
Calculate the remainder when (1 + (-11 - -8 - 8))*-18 is divided by 16.
4
Suppose -22*k = -2*k - 2*k - 1044. What is the remainder when 114 is divided by k?
56
Let k be (-2)/(-4)*12*(-1)/(-3). Suppose k*s - m + 1 = -0*m, 4*s 